HEX
Server: Apache
System: Linux just2055.justhost.com 5.14.0-162.23.1.9991722448259.nf.el9.x86_64 #1 SMP PREEMPT_DYNAMIC Wed Jul 31 18:11:45 UTC 2024 x86_64
User: samchal1 (1409)
PHP: 7.4.33
Disabled: NONE
Upload Files
File: /home2/samchal1/access-logs/samchaltain.com
199.119.124.43 - - [17/Jun/2026:06:15:44 -0600] "GET /feed HTTP/1.1" 301 - "-" "Mozilla/5.0 (compatible; theoldreader.com; support@theoldreader.com; 1 subscribers; feed-id=514f510754cf82ab04010767)" www.samchaltain.com 10.38.253.196
199.119.124.43 - - [17/Jun/2026:06:15:45 -0600] "GET /feed HTTP/1.1" 200 6455 "-" "Mozilla/5.0 (compatible; theoldreader.com; support@theoldreader.com; 1 subscribers; feed-id=514f510754cf82ab04010767)" samchaltain.com 10.38.253.196
8.29.198.26 - - [17/Jun/2026:06:17:50 -0600] "GET /feed HTTP/1.1" 304 - "-" "Feedly/1.0 (+http://www.feedly.com/fetcher.html; 12 subscribers; )" samchaltain.com 10.38.253.196
185.236.20.134 - - [17/Jun/2026:06:20:19 -0600] "POST /wp-admin/admin-ajax.php HTTP/1.1" 409 83 "-" "Mozilla/5.0 (Windows NT 10.0; Win64; x64) AppleWebKit/537.36" www.samchaltain.com 10.38.253.196
185.236.20.134 - - [17/Jun/2026:06:20:24 -0600] "POST /wp-admin/admin-ajax.php HTTP/1.1" 409 83 "-" "Mozilla/5.0 (Windows NT 10.0; Win64; x64) AppleWebKit/537.36" www.samchaltain.com 10.38.253.196
185.236.20.134 - - [17/Jun/2026:06:20:26 -0600] "POST /wp-admin/admin-ajax.php HTTP/1.1" 409 83 "-" "Mozilla/5.0 (Windows NT 10.0; Win64; x64) AppleWebKit/537.36" www.samchaltain.com 10.38.253.196
185.236.20.134 - - [17/Jun/2026:06:20:29 -0600] "POST /wp-admin/admin-ajax.php HTTP/1.1" 409 83 "-" "Mozilla/5.0 (Windows NT 10.0; Win64; x64) AppleWebKit/537.36" www.samchaltain.com 10.38.253.196
185.236.20.134 - - [17/Jun/2026:06:20:31 -0600] "POST /wp-admin/admin-ajax.php HTTP/1.1" 409 83 "-" "Mozilla/5.0 (Windows NT 10.0; Win64; x64) AppleWebKit/537.36" www.samchaltain.com 10.38.253.196
138.226.244.188 - - [17/Jun/2026:06:21:44 -0600] "GET /robots.txt HTTP/1.1" 301 - "-" "Mozilla/5.0 (Windows NT 10.0; Win64; x64) AppleWebKit/537.36 (KHTML, like Gecko) Chrome/147.0.0.0 Safari/537.36" www.samchaltain.com 10.38.253.196
138.226.244.188 - - [17/Jun/2026:06:21:44 -0600] "GET /robots.txt HTTP/1.1" 200 126 "http://www.samchaltain.com/robots.txt" "Mozilla/5.0 (Windows NT 10.0; Win64; x64) AppleWebKit/537.36 (KHTML, like Gecko) Chrome/147.0.0.0 Safari/537.36" samchaltain.com 10.38.253.196
138.226.244.188 - - [17/Jun/2026:06:21:44 -0600] "GET /new-pbs-documentary-about-edreform-makes-one-wonder-in-rural-america-what-good-is-schoolchoice HTTP/1.1" 301 - "-" "Mozilla/5.0 (Windows NT 10.0; Win64; x64) AppleWebKit/537.36 (KHTML, like Gecko) Chrome/147.0.0.0 Safari/537.36" www.samchaltain.com 10.38.253.196
138.226.244.188 - - [17/Jun/2026:06:21:45 -0600] "GET /new-pbs-documentary-about-edreform-makes-one-wonder-in-rural-america-what-good-is-schoolchoice HTTP/1.1" 404 48709 "http://www.samchaltain.com/new-pbs-documentary-about-edreform-makes-one-wonder-in-rural-america-what-good-is-schoolchoice" "Mozilla/5.0 (Windows NT 10.0; Win64; x64) AppleWebKit/537.36 (KHTML, like Gecko) Chrome/147.0.0.0 Safari/537.36" samchaltain.com 10.38.253.196
172.104.214.28 - - [17/Jun/2026:06:26:17 -0600] "GET /feed HTTP/1.1" 304 - "-" "Mozilla/5.0 (compatible; BazQux/2.4; +https://bazqux.com/fetcher; 1 subscribers)" www.samchaltain.com 10.38.253.196
8.29.198.25 - - [17/Jun/2026:06:27:40 -0600] "GET /feed HTTP/1.1" 304 - "-" "Feedly/1.0 (+http://www.feedly.com/fetcher.html; 74 subscribers; )" samchaltain.com 10.38.253.196
173.254.29.30 - - [17/Jun/2026:06:33:06 -0600] "POST /wp-cron.php?doing_wp_cron=1781699586.7539100646972656250000 HTTP/1.1" 200 - "-" "WordPress/7.0; https://samchaltain.com" samchaltain.com 10.38.253.196
47.79.206.136 - - [17/Jun/2026:06:33:05 -0600] "GET /tag/living-systems HTTP/1.1" 200 49037 "https://www.google.com/" "Mozilla/5.0 (Windows NT 10.0; Win64; x64) AppleWebKit/537.36 (KHTML, like Gecko) Chrome/132.0.0.0 Safari/537.36" samchaltain.com 10.38.253.196
64.71.157.111 - - [17/Jun/2026:06:34:40 -0600] "GET /feed HTTP/1.1" 200 6070 "-" "Feedbin feed-id:466730 - 4 subscribers" samchaltain.com 10.38.253.196
8.29.198.26 - - [17/Jun/2026:06:34:41 -0600] "GET /feed HTTP/1.1" 200 6070 "-" "Feedly/1.0 (+http://www.feedly.com/fetcher.html; 74 subscribers; )" samchaltain.com 10.38.253.196
8.29.198.26 - - [17/Jun/2026:06:41:47 -0600] "GET /feed HTTP/1.1" 304 - "-" "Feedly/1.0 (+http://www.feedly.com/fetcher.html; 74 subscribers; )" samchaltain.com 10.38.253.196
64.71.157.111 - - [17/Jun/2026:06:44:36 -0600] "GET /feed HTTP/1.1" 304 - "-" "Feedbin feed-id:466730 - 4 subscribers" samchaltain.com 10.38.253.196
37.59.21.100 - - [17/Jun/2026:06:45:14 -0600] "GET /feed HTTP/1.1" 301 - "-" "Mozilla/5.0 (X11; Linux i686) AppleWebKit/537.36 (KHTML, like Gecko) Chrome/30.0.1599.66 Safari/537.36" www.samchaltain.com 10.38.253.196
37.59.21.100 - - [17/Jun/2026:06:45:15 -0600] "GET /feed HTTP/1.1" 200 6070 "-" "Mozilla/5.0 (X11; Linux i686) AppleWebKit/537.36 (KHTML, like Gecko) Chrome/30.0.1599.66 Safari/537.36" samchaltain.com 10.38.253.196
88.161.173.249 - - [17/Jun/2026:06:47:45 -0600] "GET /educating-the-heart-and-mind HTTP/1.1" 301 - "-" "Mozilla/5.0 (Macintosh; Intel Mac OS X 10_15_7) AppleWebKit/537.36 (KHTML, like Gecko) Chrome/137.0.0.0 Safari/537.36" www.samchaltain.com 10.38.253.196
38.166.36.62 - - [17/Jun/2026:06:47:47 -0600] "GET /educating-the-heart-and-mind HTTP/1.1" 404 65016 "-" "Mozilla/5.0 (Macintosh; Intel Mac OS X 10_15_7) AppleWebKit/537.36 (KHTML, like Gecko) Chrome/137.0.0.0 Safari/537.36" samchaltain.com 10.38.253.196
84.124.126.105 - - [17/Jun/2026:06:47:51 -0600] "GET /wp-content/et-cache/notfound/et-divi-dynamic-tb-2764-tb-2787-late.css?ver=1781699506 HTTP/1.1" 200 312 "http://samchaltain.com/educating-the-heart-and-mind" "Mozilla/5.0 (Macintosh; Intel Mac OS X 10_15_7) AppleWebKit/537.36 (KHTML, like Gecko) Chrome/137.0.0.0 Safari/537.36" samchaltain.com 10.38.253.196
8.29.198.26 - - [17/Jun/2026:06:47:52 -0600] "GET /feed HTTP/1.1" 200 6070 "-" "Feedly/1.0 (+http://www.feedly.com/fetcher.html; 12 subscribers; )" samchaltain.com 10.38.253.196
66.249.73.73 - - [17/Jun/2026:06:51:45 -0600] "GET /product/review/5696816001790 HTTP/1.1" 404 65071 "-" "Mozilla/5.0 (compatible; Googlebot/2.1; +http://www.google.com/bot.html)" samchaltain.com 10.38.253.196
8.29.198.26 - - [17/Jun/2026:06:55:56 -0600] "GET /feed HTTP/1.1" 304 - "-" "Feedly/1.0 (+http://www.feedly.com/fetcher.html; 74 subscribers; )" samchaltain.com 10.38.253.196
95.164.53.211 - - [17/Jun/2026:06:57:02 -0600] "GET / HTTP/1.1" 301 - "-" "Mozilla/5.0 (Windows NT 10.0; Win64; x64) AppleWebKit/537.36 (KHTML, like Gecko) Chrome/148.0.0.0 Safari/537.36" samchaltain.com 10.38.253.196
95.164.53.211 - - [17/Jun/2026:06:57:07 -0600] "GET / HTTP/1.1" 301 - "-" "Mozilla/5.0 (Windows NT 10.0; Win64; x64) AppleWebKit/537.36 (KHTML, like Gecko) Chrome/148.0.0.0 Safari/537.36" samchaltain.com 10.38.253.196
52.7.251.54 - - [17/Jun/2026:06:57:26 -0600] "GET /feed HTTP/1.1" 200 6070 "-" "Mozilla/5.0 (compatible; FlipboardRSS/1.2; +http://flipboard.com/browserproxy)" samchaltain.com 10.38.253.196
64.71.157.111 - - [17/Jun/2026:06:58:43 -0600] "GET /feed HTTP/1.1" 304 - "-" "Feedbin feed-id:466730 - 4 subscribers" samchaltain.com 10.38.253.196
45.79.101.23 - - [17/Jun/2026:06:59:49 -0600] "GET /feed HTTP/1.1" 301 - "-" "Mozilla/5.0 (compatible; BazQux/2.4; +https://bazqux.com/fetcher; 1 subscribers)" www.samchaltain.com 10.38.253.196
66.228.39.21 - - [17/Jun/2026:06:59:50 -0600] "GET /feed HTTP/1.1" 200 6070 "-" "Mozilla/5.0 (compatible; BazQux/2.4; +https://bazqux.com/fetcher; 1 subscribers)" samchaltain.com 10.38.253.196
8.29.198.27 - - [17/Jun/2026:07:03:04 -0600] "GET /feed HTTP/1.1" 304 - "-" "Feedly/1.0 (+http://www.feedly.com/fetcher.html; 74 subscribers; )" samchaltain.com 10.38.253.196
8.29.198.27 - - [17/Jun/2026:07:10:20 -0600] "GET /feed HTTP/1.1" 304 - "-" "Feedly/1.0 (+http://www.feedly.com/fetcher.html; 74 subscribers; )" samchaltain.com 10.38.253.196
66.249.73.64 - - [17/Jun/2026:07:16:10 -0600] "GET /?o=5574508061790 HTTP/1.1" 301 - "-" "Mozilla/5.0 (Linux; Android 6.0.1; Nexus 5X Build/MMB29P) AppleWebKit/537.36 (KHTML, like Gecko) Chrome/148.0.7778.96 Mobile Safari/537.36 (compatible; Googlebot/2.1; +http://www.google.com/bot.html)" samchaltain.com 10.38.253.196
216.244.66.198 - - [17/Jun/2026:07:16:25 -0600] "GET /robots.txt HTTP/1.1" 406 226 "-" "Mozilla/5.0 (compatible; DotBot/1.2; +https://opensiteexplorer.org/dotbot; help@moz.com)" samchaltain.com 10.38.253.196
8.29.198.27 - - [17/Jun/2026:07:17:26 -0600] "GET /feed HTTP/1.1" 304 - "-" "Feedly/1.0 (+http://www.feedly.com/fetcher.html; 74 subscribers; )" samchaltain.com 10.38.253.196
8.29.198.25 - - [17/Jun/2026:07:17:55 -0600] "GET /feed HTTP/1.1" 304 - "-" "Feedly/1.0 (+http://www.feedly.com/fetcher.html; 12 subscribers; )" samchaltain.com 10.38.253.196
216.244.66.198 - - [17/Jun/2026:07:19:10 -0600] "GET /les-meilleurs-conseils-pour-roulette-jeux HTTP/1.1" 406 226 "-" "Mozilla/5.0 (compatible; DotBot/1.2; +https://opensiteexplorer.org/dotbot; help@moz.com)" samchaltain.com 10.38.253.196
199.119.124.54 - - [17/Jun/2026:07:21:32 -0600] "GET /feed HTTP/1.1" 301 - "-" "Mozilla/5.0 (compatible; theoldreader.com; support@theoldreader.com; 1 subscribers; feed-id=514f510754cf82ab04010767)" www.samchaltain.com 10.38.253.196
199.119.124.54 - - [17/Jun/2026:07:21:38 -0600] "GET /feed HTTP/1.1" 200 6070 "-" "Mozilla/5.0 (compatible; theoldreader.com; support@theoldreader.com; 1 subscribers; feed-id=514f510754cf82ab04010767)" samchaltain.com 10.38.253.196
98.93.160.238 - - [17/Jun/2026:07:22:34 -0600] "GET /to-measure-success-in-americas-schools-count-the-flamingos HTTP/1.1" 301 - "-" "MetaInspector/5.12.1 (+https://github.com/jaimeiniesta/metainspector)" www.samchaltain.com 10.38.253.196
98.93.160.238 - - [17/Jun/2026:07:22:34 -0600] "GET /to-measure-success-in-americas-schools-count-the-flamingos HTTP/1.1" 404 189135 "-" "MetaInspector/5.12.1 (+https://github.com/jaimeiniesta/metainspector)" samchaltain.com 10.38.253.196
173.254.29.30 - - [17/Jun/2026:07:23:59 -0600] "POST /wp-cron.php?doing_wp_cron=1781702639.0277109146118164062500 HTTP/1.1" 200 - "-" "WordPress/7.0; https://samchaltain.com" samchaltain.com 10.38.253.196
64.71.157.118 - - [17/Jun/2026:07:23:58 -0600] "GET /feed HTTP/1.1" 304 - "-" "Feedbin feed-id:466730 - 4 subscribers" samchaltain.com 10.38.253.196
8.29.198.25 - - [17/Jun/2026:07:24:26 -0600] "GET /feed HTTP/1.1" 304 - "-" "Feedly/1.0 (+http://www.feedly.com/fetcher.html; 74 subscribers; )" samchaltain.com 10.38.253.196
47.79.201.134 - - [17/Jun/2026:07:27:00 -0600] "GET /tag/feedback-loops HTTP/1.1" 200 49914 "https://www.google.com/" "Mozilla/5.0 (Linux; Android 12; Infinix X6817) AppleWebKit/537.36 (KHTML, like Gecko) Chrome/105.0.0.0 Mobile Safari/537.36" samchaltain.com 10.38.253.196
206.189.48.250 - - [17/Jun/2026:07:30:13 -0600] "GET /feed HTTP/1.1" 301 - "-" "Mozilla/5.0 (Android 10; Mobile; rv:133.0) Gecko/133.0 Firefox/133.0" www.samchaltain.com 10.38.253.196
52.45.92.83 - - [17/Jun/2026:07:30:32 -0600] "GET /ghosts-in-the-testing-machine HTTP/1.1" 406 226 "-" "Mozilla/5.0 AppleWebKit/537.36 (KHTML, like Gecko; compatible; Amazonbot/0.1; +https://developer.amazon.com/support/amazonbot) Chrome/119.0.6045.214 Safari/537.36" www.samchaltain.com 10.38.253.196
172.104.214.28 - - [17/Jun/2026:07:31:27 -0600] "GET /feed HTTP/1.1" 304 - "-" "Mozilla/5.0 (compatible; BazQux/2.4; +https://bazqux.com/fetcher; 1 subscribers)" www.samchaltain.com 10.38.253.196
8.29.198.25 - - [17/Jun/2026:07:31:28 -0600] "GET /feed HTTP/1.1" 304 - "-" "Feedly/1.0 (+http://www.feedly.com/fetcher.html; 74 subscribers; )" samchaltain.com 10.38.253.196
64.71.157.109 - - [17/Jun/2026:07:33:40 -0600] "GET /feed HTTP/1.1" 304 - "-" "Feedbin feed-id:466730 - 4 subscribers" samchaltain.com 10.38.253.196
173.254.29.30 - - [17/Jun/2026:07:35:29 -0600] "POST /wp-cron.php?doing_wp_cron=1781703329.1812229156494140625000 HTTP/1.1" 200 - "-" "WordPress/7.0; https://samchaltain.com" samchaltain.com 10.38.253.196
37.59.21.100 - - [17/Jun/2026:07:35:28 -0600] "GET /tag/education-policy/feed HTTP/1.1" 301 - "-" "Mozilla/5.0 (X11; Linux i686) AppleWebKit/537.36 (KHTML, like Gecko) Chrome/30.0.1599.66 Safari/537.36" www.samchaltain.com 10.38.253.196
37.59.21.100 - - [17/Jun/2026:07:35:29 -0600] "GET /tag/education-policy/feed HTTP/1.1" 200 567 "-" "Mozilla/5.0 (X11; Linux i686) AppleWebKit/537.36 (KHTML, like Gecko) Chrome/30.0.1599.66 Safari/537.36" samchaltain.com 10.38.253.196
47.79.206.196 - - [17/Jun/2026:07:35:51 -0600] "GET /tag/first-amendment HTTP/1.1" 200 49915 "https://www.google.com/" "Mozilla/5.0 (Windows NT 10.0; Win64; x64) AppleWebKit/537.36 (KHTML, like Gecko) Chrome/133.0.0.0 Safari/537.36" samchaltain.com 10.38.253.196
8.29.198.27 - - [17/Jun/2026:07:38:34 -0600] "GET /feed HTTP/1.1" 304 - "-" "Feedly/1.0 (+http://www.feedly.com/fetcher.html; 74 subscribers; )" samchaltain.com 10.38.253.196
199.119.124.51 - - [17/Jun/2026:07:45:19 -0600] "GET /feed HTTP/1.1" 304 - "-" "Mozilla/5.0 (compatible; theoldreader.com; support@theoldreader.com; 1 subscribers; feed-id=514f510754cf82ab04010767)" www.samchaltain.com 10.38.253.196
8.29.198.26 - - [17/Jun/2026:07:46:00 -0600] "GET /feed HTTP/1.1" 304 - "-" "Feedly/1.0 (+http://www.feedly.com/fetcher.html; 74 subscribers; )" samchaltain.com 10.38.253.196
8.29.198.26 - - [17/Jun/2026:07:48:13 -0600] "GET /feed HTTP/1.1" 304 - "-" "Feedly/1.0 (+http://www.feedly.com/fetcher.html; 12 subscribers; )" samchaltain.com 10.38.253.196
64.71.157.118 - - [17/Jun/2026:07:51:52 -0600] "GET /feed HTTP/1.1" 304 - "-" "Feedbin feed-id:466730 - 4 subscribers" samchaltain.com 10.38.253.196
173.254.29.30 - - [17/Jun/2026:07:53:04 -0600] "POST /wp-cron.php?doing_wp_cron=1781704384.3180999755859375000000 HTTP/1.1" 200 - "-" "WordPress/7.0; https://samchaltain.com" samchaltain.com 10.38.253.196
8.29.198.26 - - [17/Jun/2026:07:53:04 -0600] "GET /feed HTTP/1.1" 304 - "-" "Feedly/1.0 (+http://www.feedly.com/fetcher.html; 74 subscribers; )" samchaltain.com 10.38.253.196
173.254.29.30 - - [17/Jun/2026:07:58:05 -0600] "POST /wp-cron.php?doing_wp_cron=1781704685.9909529685974121093750 HTTP/1.1" 200 - "-" "WordPress/7.0; https://samchaltain.com" samchaltain.com 10.38.253.196
66.249.73.64 - - [17/Jun/2026:07:58:05 -0600] "GET /ads.txt HTTP/1.1" 404 65013 "-" "Mozilla/5.0 (compatible; Googlebot/2.1; +http://www.google.com/bot.html)" samchaltain.com 10.38.253.196
8.29.198.27 - - [17/Jun/2026:08:00:09 -0600] "GET /feed HTTP/1.1" 304 - "-" "Feedly/1.0 (+http://www.feedly.com/fetcher.html; 74 subscribers; )" samchaltain.com 10.38.253.196
40.77.167.48 - - [17/Jun/2026:08:06:28 -0600] "GET /tag/teaching/page/2 HTTP/1.1" 404 65013 "-" "Mozilla/5.0 AppleWebKit/537.36 (KHTML, like Gecko; compatible; bingbot/2.0; +http://www.bing.com/bingbot.htm) Chrome/116.0.1938.76 Safari/537.36" samchaltain.com 10.38.253.196
172.86.89.205 - - [17/Jun/2026:08:06:46 -0600] "GET /wp-config.php_bak HTTP/1.1" 406 226 "-" "Python-urllib/2.7" samchaltain.com 10.38.253.196
8.29.198.26 - - [17/Jun/2026:08:07:36 -0600] "GET /feed HTTP/1.1" 304 - "-" "Feedly/1.0 (+http://www.feedly.com/fetcher.html; 74 subscribers; )" samchaltain.com 10.38.253.196
66.175.223.152 - - [17/Jun/2026:08:08:42 -0600] "GET /feed HTTP/1.1" 304 - "-" "Mozilla/5.0 (compatible; BazQux/2.4; +https://bazqux.com/fetcher; 1 subscribers)" www.samchaltain.com 10.38.253.196
173.254.29.30 - - [17/Jun/2026:08:09:26 -0600] "POST /wp-cron.php?doing_wp_cron=1781705366.8922059535980224609375 HTTP/1.1" 200 - "-" "WordPress/7.0; https://samchaltain.com" samchaltain.com 10.38.253.196
24.144.89.229 - - [17/Jun/2026:08:09:26 -0600] "GET /feed HTTP/1.1" 301 - "-" "Mozilla/5.0 (X11; Linux x86_64; rv:96.0) Gecko/20100101 Firefox/96.0" www.samchaltain.com 10.38.253.196
24.144.89.229 - - [17/Jun/2026:08:09:27 -0600] "GET /feed HTTP/1.1" 200 6070 "-" "Mozilla/5.0 (X11; Linux x86_64; rv:96.0) Gecko/20100101 Firefox/96.0" samchaltain.com 10.38.253.196
64.71.157.118 - - [17/Jun/2026:08:09:43 -0600] "GET /feed HTTP/1.1" 304 - "-" "Feedbin feed-id:466730 - 4 subscribers" samchaltain.com 10.38.253.196
199.119.124.51 - - [17/Jun/2026:08:10:10 -0600] "GET /feed HTTP/1.1" 304 - "-" "Mozilla/5.0 (compatible; theoldreader.com; support@theoldreader.com; 1 subscribers; feed-id=514f510754cf82ab04010767)" www.samchaltain.com 10.38.253.196
173.254.29.30 - - [17/Jun/2026:08:14:37 -0600] "POST /wp-cron.php?doing_wp_cron=1781705677.0158190727233886718750 HTTP/1.1" 200 - "-" "WordPress/7.0; https://samchaltain.com" samchaltain.com 10.38.253.196
8.29.198.25 - - [17/Jun/2026:08:14:36 -0600] "GET /feed HTTP/1.1" 304 - "-" "Feedly/1.0 (+http://www.feedly.com/fetcher.html; 74 subscribers; )" samchaltain.com 10.38.253.196
119.82.244.62 - - [17/Jun/2026:08:16:50 -0600] "GET /wp-json/wp/v2/posts HTTP/1.1" 200 61938 "-" "Mozilla/5.0 (Windows NT 10.0; Win64; x64) AppleWebKit/537.36 (KHTML, like Gecko) Chrome/120.0.0.0 Safari/537.36" samchaltain.com 10.38.253.196
66.249.73.65 - - [17/Jun/2026:08:18:00 -0600] "GET /?o=5574508061790 HTTP/1.1" 301 - "-" "Mozilla/5.0 (compatible; Googlebot/2.1; +http://www.google.com/bot.html)" samchaltain.com 10.38.253.196
8.29.198.25 - - [17/Jun/2026:08:18:22 -0600] "GET /feed HTTP/1.1" 304 - "-" "Feedly/1.0 (+http://www.feedly.com/fetcher.html; 12 subscribers; )" samchaltain.com 10.38.253.196
96.126.130.244 - - [17/Jun/2026:08:25:52 -0600] "GET /.env HTTP/1.1" 406 226 "-" "Mozilla/5.0 (Windows NT 10.0; Win64; x64) AppleWebKit/537.36 (KHTML, like Gecko) Chrome/120.0.0.0 Safari/537.36" samchaltain.com 10.38.253.196
66.249.74.133 - - [17/Jun/2026:08:28:01 -0600] "GET /robots.txt HTTP/1.1" 301 - "-" "Mozilla/5.0 (compatible; Googlebot/2.1; +http://www.google.com/bot.html)" www.samchaltain.com 10.38.253.196
66.249.73.64 - - [17/Jun/2026:08:28:01 -0600] "GET /robots.txt HTTP/1.1" 200 126 "-" "Mozilla/5.0 (compatible; Googlebot/2.1; +http://www.google.com/bot.html)" samchaltain.com 10.38.253.196
66.249.74.134 - - [17/Jun/2026:08:28:21 -0600] "GET /ads.txt HTTP/1.1" 301 - "-" "Mozilla/5.0 (compatible; Googlebot/2.1; +http://www.google.com/bot.html)" www.samchaltain.com 10.38.253.196
8.29.198.27 - - [17/Jun/2026:08:28:43 -0600] "GET /feed HTTP/1.1" 304 - "-" "Feedly/1.0 (+http://www.feedly.com/fetcher.html; 74 subscribers; )" samchaltain.com 10.38.253.196
95.232.168.158 - - [17/Jun/2026:08:31:43 -0600] "GET /sitemap.xml HTTP/1.1" 200 14312 "-" "Mozilla/5.0 (Macintosh; Intel Mac OS X 10.15; rv:133.0) Gecko/20100101 Firefox/133.0" www.samchaltain.com 10.38.253.196
184.144.168.121 - - [17/Jun/2026:08:32:45 -0600] "GET /feed/rss HTTP/1.1" 301 - "-" "Mozilla/5.0 (Macintosh; Intel Mac OS X 10.15; rv:140.0) Gecko/20100101 Thunderbird/140.11.1" www.samchaltain.com 10.38.253.196
184.144.168.121 - - [17/Jun/2026:08:32:46 -0600] "GET /feed HTTP/1.1" 200 6070 "-" "Mozilla/5.0 (Macintosh; Intel Mac OS X 10.15; rv:140.0) Gecko/20100101 Thunderbird/140.11.1" samchaltain.com 10.38.253.196
199.119.124.40 - - [17/Jun/2026:08:34:12 -0600] "GET /feed HTTP/1.1" 304 - "-" "Mozilla/5.0 (compatible; theoldreader.com; support@theoldreader.com; 1 subscribers; feed-id=514f510754cf82ab04010767)" www.samchaltain.com 10.38.253.196
64.71.157.111 - - [17/Jun/2026:08:34:29 -0600] "GET /feed HTTP/1.1" 304 - "-" "Feedbin feed-id:466730 - 4 subscribers" samchaltain.com 10.38.253.196
8.29.198.27 - - [17/Jun/2026:08:35:52 -0600] "GET /feed HTTP/1.1" 304 - "-" "Feedly/1.0 (+http://www.feedly.com/fetcher.html; 74 subscribers; )" samchaltain.com 10.38.253.196
114.119.136.15 - - [17/Jun/2026:08:38:53 -0600] "GET / HTTP/1.1" 406 226 "http://samchaltain.com/" "Mozilla/5.0 (Linux; Android 7.0;) AppleWebKit/537.36 (HTML, like Gecko) Mobile Safari/537.36 (compatible; PetalBot;+https://webmaster.petalsearch.com/site/petalbot)" samchaltain.com 10.38.253.196
8.29.198.27 - - [17/Jun/2026:08:42:53 -0600] "GET /feed HTTP/1.1" 304 - "-" "Feedly/1.0 (+http://www.feedly.com/fetcher.html; 74 subscribers; )" samchaltain.com 10.38.253.196
74.7.241.46 - - [17/Jun/2026:08:42:54 -0600] "GET /other-peoples-children HTTP/1.1" 301 - "https://rageagainsttheminivan.com" "Mozilla/5.0 AppleWebKit/537.36 (KHTML, like Gecko; compatible; GPTBot/1.4; +https://openai.com/gptbot)" www.samchaltain.com 10.38.253.196
74.7.243.196 - - [17/Jun/2026:08:42:54 -0600] "GET /other-peoples-children HTTP/1.1" 404 65013 "http://www.samchaltain.com" "Mozilla/5.0 AppleWebKit/537.36 (KHTML, like Gecko; compatible; GPTBot/1.4; +https://openai.com/gptbot)" samchaltain.com 10.38.253.196
74.7.230.20 - - [17/Jun/2026:08:42:54 -0600] "GET /robots.txt HTTP/1.1" 301 - "-" "Mozilla/5.0 (Macintosh; Intel Mac OS X 10_15_7) AppleWebKit/537.36 (KHTML, like Gecko) Chrome/131.0.0.0 Safari/537.36; compatible; OAI-SearchBot/1.4; robots.txt; +https://openai.com/searchbot" www.samchaltain.com 10.38.253.196
74.7.230.20 - - [17/Jun/2026:08:42:57 -0600] "GET /robots.txt HTTP/1.1" 200 126 "http://www.samchaltain.com/robots.txt" "Mozilla/5.0 (Macintosh; Intel Mac OS X 10_15_7) AppleWebKit/537.36 (KHTML, like Gecko) Chrome/131.0.0.0 Safari/537.36; compatible; OAI-SearchBot/1.4; robots.txt; +https://openai.com/searchbot" samchaltain.com 10.38.253.196
184.144.168.121 - - [17/Jun/2026:08:43:11 -0600] "GET /feed/rss HTTP/1.1" 304 - "-" "Mozilla/5.0 (Macintosh; Intel Mac OS X 10.15; rv:140.0) Gecko/20100101 Thunderbird/140.11.1" www.samchaltain.com 10.38.253.196
91.186.221.174 - - [17/Jun/2026:08:44:30 -0600] "GET /wp-json/wp/v2/posts HTTP/1.1" 200 61938 "-" "Mozilla/5.0 (Windows NT 10.0; Win64; x64) AppleWebKit/537.36 (KHTML, like Gecko) Chrome/120.0.0.0 Safari/537.36" samchaltain.com 10.38.253.196
64.71.157.111 - - [17/Jun/2026:08:44:46 -0600] "GET /feed HTTP/1.1" 304 - "-" "Feedbin feed-id:466730 - 4 subscribers" samchaltain.com 10.38.253.196
66.249.73.64 - - [17/Jun/2026:08:45:31 -0600] "GET /?o=12836318051790 HTTP/1.1" 301 - "-" "Mozilla/5.0 (Linux; Android 6.0.1; Nexus 5X Build/MMB29P) AppleWebKit/537.36 (KHTML, like Gecko) Chrome/148.0.7778.96 Mobile Safari/537.36 (compatible; Googlebot/2.1; +http://www.google.com/bot.html)" samchaltain.com 10.38.253.196
52.23.141.29 - - [17/Jun/2026:08:45:57 -0600] "GET /feed HTTP/1.1" 304 - "-" "Mozilla/5.0 (compatible; FlipboardRSS/1.2; +http://flipboard.com/browserproxy)" samchaltain.com 10.38.253.196
8.29.198.26 - - [17/Jun/2026:08:48:24 -0600] "GET /feed HTTP/1.1" 304 - "-" "Feedly/1.0 (+http://www.feedly.com/fetcher.html; 12 subscribers; )" samchaltain.com 10.38.253.196
198.235.24.34 - - [17/Jun/2026:08:49:49 -0600] "GET / HTTP/1.1" 301 - "-" "Hello from Palo Alto Networks, find out more about our scans in https://docs-cortex.paloaltonetworks.com/r/1/Cortex-Xpanse/Scanning-activity" mail.samchaltain.com 10.38.253.196
66.228.39.21 - - [17/Jun/2026:08:56:10 -0600] "GET /feed HTTP/1.1" 304 - "-" "Mozilla/5.0 (compatible; BazQux/2.4; +https://bazqux.com/fetcher; 1 subscribers)" www.samchaltain.com 10.38.253.196
8.29.198.26 - - [17/Jun/2026:08:56:57 -0600] "GET /feed HTTP/1.1" 304 - "-" "Feedly/1.0 (+http://www.feedly.com/fetcher.html; 74 subscribers; )" samchaltain.com 10.38.253.196
199.119.124.45 - - [17/Jun/2026:08:58:30 -0600] "GET /feed HTTP/1.1" 304 - "-" "Mozilla/5.0 (compatible; theoldreader.com; support@theoldreader.com; 1 subscribers; feed-id=514f510754cf82ab04010767)" www.samchaltain.com 10.38.253.196
66.249.90.233 - - [17/Jun/2026:08:59:04 -0600] "GET /?o=5643058011790 HTTP/1.1" 301 - "-" "Mozilla/5.0 (X11; Linux x86_64) AppleWebKit/537.36 (KHTML, like Gecko) Chrome/148.0.7778.96 Safari/537.36" samchaltain.com 10.38.253.196
64.71.157.111 - - [17/Jun/2026:09:00:15 -0600] "GET /feed HTTP/1.1" 304 - "-" "Feedbin feed-id:466730 - 4 subscribers" samchaltain.com 10.38.253.196
8.29.198.25 - - [17/Jun/2026:09:04:17 -0600] "GET /feed HTTP/1.1" 304 - "-" "Feedly/1.0 (+http://www.feedly.com/fetcher.html; 74 subscribers; )" samchaltain.com 10.38.253.196
173.254.29.30 - - [17/Jun/2026:09:09:26 -0600] "POST /wp-cron.php?doing_wp_cron=1781708966.6264200210571289062500 HTTP/1.1" 200 - "-" "WordPress/7.0; https://samchaltain.com" samchaltain.com 10.38.253.196
43.134.187.251 - - [17/Jun/2026:09:09:26 -0600] "GET / HTTP/1.1" 301 - "-" "Mozilla/5.0 (iPhone; CPU iPhone OS 13_2_3 like Mac OS X) AppleWebKit/605.1.15 (KHTML, like Gecko) Version/13.0.3 Mobile/15E148 Safari/604.1" samchaltain.com 10.38.253.196
37.59.21.100 - - [17/Jun/2026:09:09:48 -0600] "GET /tag/first-amendment/feed HTTP/1.1" 301 - "-" "Mozilla/5.0 (X11; Linux i686) AppleWebKit/537.36 (KHTML, like Gecko) Chrome/30.0.1599.66 Safari/537.36" www.samchaltain.com 10.38.253.196
37.59.21.100 - - [17/Jun/2026:09:09:51 -0600] "GET /tag/first-amendment/feed HTTP/1.1" 200 566 "-" "Mozilla/5.0 (X11; Linux i686) AppleWebKit/537.36 (KHTML, like Gecko) Chrome/30.0.1599.66 Safari/537.36" samchaltain.com 10.38.253.196
27.79.180.201 - - [17/Jun/2026:09:10:10 -0600] "GET /wp-json/wp/v2/posts HTTP/1.1" 200 61938 "-" "Mozilla/5.0 (Windows NT 10.0; Win64; x64) AppleWebKit/537.36 (KHTML, like Gecko) Chrome/120.0.0.0 Safari/537.36" samchaltain.com 10.38.253.196
70.177.134.150 - - [17/Jun/2026:09:10:30 -0600] "GET /wp-json/wp/v2/posts HTTP/1.1" 200 61938 "-" "Mozilla/5.0 (Windows NT 10.0; Win64; x64) AppleWebKit/537.36 (KHTML, like Gecko) Chrome/120.0.0.0 Safari/537.36" samchaltain.com 10.38.253.196
8.29.198.25 - - [17/Jun/2026:09:11:23 -0600] "GET /feed HTTP/1.1" 304 - "-" "Feedly/1.0 (+http://www.feedly.com/fetcher.html; 74 subscribers; )" samchaltain.com 10.38.253.196
64.71.157.111 - - [17/Jun/2026:09:11:32 -0600] "GET /feed HTTP/1.1" 304 - "-" "Feedbin feed-id:466730 - 4 subscribers" samchaltain.com 10.38.253.196
78.121.48.14 - - [17/Jun/2026:09:17:35 -0600] "GET /tag/rights-of-children HTTP/1.1" 301 - "-" "Mozilla/5.0 (Macintosh; Intel Mac OS X 10_15_7) AppleWebKit/537.36 (KHTML, like Gecko) Chrome/137.0.0.0 Safari/537.36" www.samchaltain.com 10.38.253.196
90.78.130.5 - - [17/Jun/2026:09:17:39 -0600] "GET /tag/rights-of-children HTTP/1.1" 200 49924 "-" "Mozilla/5.0 (Macintosh; Intel Mac OS X 10_15_7) AppleWebKit/537.36 (KHTML, like Gecko) Chrome/137.0.0.0 Safari/537.36" samchaltain.com 10.38.253.196
109.223.246.159 - - [17/Jun/2026:09:17:45 -0600] "GET /wp-content/et-cache/taxonomy/post_tag/892/et-divi-dynamic-tb-2764-tb-2787.css?ver=1781709455 HTTP/1.1" 200 8555 "http://samchaltain.com/tag/rights-of-children" "Mozilla/5.0 (Macintosh; Intel Mac OS X 10_15_7) AppleWebKit/537.36 (KHTML, like Gecko) Chrome/137.0.0.0 Safari/537.36" samchaltain.com 10.38.253.196
81.51.214.194 - - [17/Jun/2026:09:17:47 -0600] "GET /wp-content/et-cache/taxonomy/post_tag/892/et-divi-dynamic-tb-2764-tb-2787-late.css HTTP/1.1" 200 7168 "http://samchaltain.com/tag/rights-of-children" "Mozilla/5.0 (Macintosh; Intel Mac OS X 10_15_7) AppleWebKit/537.36 (KHTML, like Gecko) Chrome/137.0.0.0 Safari/537.36" samchaltain.com 10.38.253.196
8.29.198.25 - - [17/Jun/2026:09:18:29 -0600] "GET /feed HTTP/1.1" 304 - "-" "Feedly/1.0 (+http://www.feedly.com/fetcher.html; 74 subscribers; )" samchaltain.com 10.38.253.196
8.29.198.25 - - [17/Jun/2026:09:18:29 -0600] "GET /feed HTTP/1.1" 304 - "-" "Feedly/1.0 (+http://www.feedly.com/fetcher.html; 12 subscribers; )" samchaltain.com 10.38.253.196
173.254.29.30 - - [17/Jun/2026:09:20:00 -0600] "POST /wp-cron.php?doing_wp_cron=1781709600.3117139339447021484375 HTTP/1.1" 200 - "-" "WordPress/7.0; https://samchaltain.com" samchaltain.com 10.38.253.196
47.79.201.58 - - [17/Jun/2026:09:19:59 -0600] "GET /tag/education HTTP/1.1" 200 49892 "https://www.google.com/" "Mozilla/5.0 (Linux; Android 10; K) AppleWebKit/537.36 (KHTML, like Gecko) Chrome/132.0.0.0 Mobile Safari/537.36" samchaltain.com 10.38.253.196
66.249.73.64 - - [17/Jun/2026:09:21:16 -0600] "GET /?o=5574508061790 HTTP/1.1" 301 - "-" "Mozilla/5.0 (compatible; Googlebot/2.1; +http://www.google.com/bot.html)" samchaltain.com 10.38.253.196
199.119.124.43 - - [17/Jun/2026:09:22:09 -0600] "GET /feed HTTP/1.1" 304 - "-" "Mozilla/5.0 (compatible; theoldreader.com; support@theoldreader.com; 1 subscribers; feed-id=514f510754cf82ab04010767)" www.samchaltain.com 10.38.253.196
66.249.73.65 - - [17/Jun/2026:09:22:27 -0600] "GET /productSearch/pictureSearch?id=5713376050790 HTTP/1.1" 404 65018 "-" "Mozilla/5.0 (Linux; Android 6.0.1; Nexus 5X Build/MMB29P) AppleWebKit/537.36 (KHTML, like Gecko) Chrome/148.0.7778.96 Mobile Safari/537.36 (compatible; Googlebot/2.1; +http://www.google.com/bot.html)" samchaltain.com 10.38.253.196
216.73.216.104 - - [17/Jun/2026:09:23:27 -0600] "GET /robots.txt HTTP/1.1" 301 - "-" "Mozilla/5.0 AppleWebKit/537.36 (KHTML, like Gecko; compatible; ClaudeBot/1.0; +claudebot@anthropic.com)" www.samchaltain.com 10.38.253.196
216.73.216.104 - - [17/Jun/2026:09:23:27 -0600] "GET /robots.txt HTTP/1.1" 200 126 "http://www.samchaltain.com/robots.txt" "Mozilla/5.0 AppleWebKit/537.36 (KHTML, like Gecko; compatible; ClaudeBot/1.0; +claudebot@anthropic.com)" samchaltain.com 10.38.253.196
216.73.216.104 - - [17/Jun/2026:09:23:28 -0600] "GET /when-it-comes-to-the-free-speech-rights-of-teachers-the-jokes-still-on-us HTTP/1.1" 301 - "-" "Mozilla/5.0 AppleWebKit/537.36 (KHTML, like Gecko; compatible; ClaudeBot/1.0; +claudebot@anthropic.com)" www.samchaltain.com 10.38.253.196
216.73.216.104 - - [17/Jun/2026:09:23:28 -0600] "GET /when-it-comes-to-the-free-speech-rights-of-teachers-the-jokes-still-on-us HTTP/1.1" 404 65013 "http://www.samchaltain.com/when-it-comes-to-the-free-speech-rights-of-teachers-the-jokes-still-on-us" "Mozilla/5.0 AppleWebKit/537.36 (KHTML, like Gecko; compatible; ClaudeBot/1.0; +claudebot@anthropic.com)" samchaltain.com 10.38.253.196
173.254.29.30 - - [17/Jun/2026:09:25:33 -0600] "POST /wp-cron.php?doing_wp_cron=1781709933.8589560985565185546875 HTTP/1.1" 200 - "-" "WordPress/7.0; https://samchaltain.com" samchaltain.com 10.38.253.196
8.29.198.26 - - [17/Jun/2026:09:25:33 -0600] "GET /feed HTTP/1.1" 304 - "-" "Feedly/1.0 (+http://www.feedly.com/fetcher.html; 74 subscribers; )" samchaltain.com 10.38.253.196
184.144.168.121 - - [17/Jun/2026:09:30:09 -0600] "GET /feed/rss HTTP/1.1" 304 - "-" "Mozilla/5.0 (Macintosh; Intel Mac OS X 10.15; rv:140.0) Gecko/20100101 Thunderbird/140.11.1" www.samchaltain.com 10.38.253.196
8.29.198.25 - - [17/Jun/2026:09:32:39 -0600] "GET /feed HTTP/1.1" 304 - "-" "Feedly/1.0 (+http://www.feedly.com/fetcher.html; 74 subscribers; )" samchaltain.com 10.38.253.196
8.29.198.25 - - [17/Jun/2026:09:39:42 -0600] "GET /feed HTTP/1.1" 304 - "-" "Feedly/1.0 (+http://www.feedly.com/fetcher.html; 74 subscribers; )" samchaltain.com 10.38.253.196
184.144.168.121 - - [17/Jun/2026:09:41:05 -0600] "GET /feed/rss HTTP/1.1" 304 - "-" "Mozilla/5.0 (Macintosh; Intel Mac OS X 10.15; rv:140.0) Gecko/20100101 Thunderbird/140.11.1" www.samchaltain.com 10.38.253.196
173.254.29.30 - - [17/Jun/2026:09:42:05 -0600] "POST /wp-cron.php?doing_wp_cron=1781710925.4452819824218750000000 HTTP/1.1" 200 - "-" "WordPress/7.0; https://samchaltain.com" samchaltain.com 10.38.253.196
64.71.157.117 - - [17/Jun/2026:09:42:05 -0600] "GET /feed HTTP/1.1" 304 - "-" "Feedbin feed-id:466730 - 4 subscribers" samchaltain.com 10.38.253.196
52.5.64.200 - - [17/Jun/2026:09:43:31 -0600] "GET /robots.txt HTTP/1.1" 301 - "-" "Mozilla/5.0 (Macintosh; Intel Mac OS X 10_10_1) AppleWebKit/600.2.5 (KHTML, like Gecko) Version/8.0.2 Safari/600.2.5 (Gort)" www.samchaltain.com 10.38.253.196
52.5.64.200 - - [17/Jun/2026:09:43:31 -0600] "GET /robots.txt HTTP/1.1" 200 126 "-" "Mozilla/5.0 (Macintosh; Intel Mac OS X 10_10_1) AppleWebKit/600.2.5 (KHTML, like Gecko) Version/8.0.2 Safari/600.2.5 (Gort)" samchaltain.com 10.38.253.196
207.180.11.148 - - [17/Jun/2026:09:45:14 -0600] "GET /wp-content/uploads/2018/06/aspen-grove-1.jpg HTTP/1.1" 301 - "-" "-" www.samchaltain.com 10.38.253.196
207.180.11.148 - - [17/Jun/2026:09:45:14 -0600] "GET /wp-content/uploads/2018/06/aspen-grove-1.jpg HTTP/1.1" 404 46500 "-" "-" samchaltain.com 10.38.253.196
199.119.124.51 - - [17/Jun/2026:09:45:55 -0600] "GET /feed HTTP/1.1" 304 - "-" "Mozilla/5.0 (compatible; theoldreader.com; support@theoldreader.com; 1 subscribers; feed-id=514f510754cf82ab04010767)" www.samchaltain.com 10.38.253.196
8.29.198.25 - - [17/Jun/2026:09:46:46 -0600] "GET /feed HTTP/1.1" 304 - "-" "Feedly/1.0 (+http://www.feedly.com/fetcher.html; 74 subscribers; )" samchaltain.com 10.38.253.196
64.71.157.117 - - [17/Jun/2026:09:47:20 -0600] "GET /feed HTTP/1.1" 304 - "-" "Feedbin feed-id:466730 - 4 subscribers" samchaltain.com 10.38.253.196
8.29.198.26 - - [17/Jun/2026:09:48:35 -0600] "GET /feed HTTP/1.1" 304 - "-" "Feedly/1.0 (+http://www.feedly.com/fetcher.html; 12 subscribers; )" samchaltain.com 10.38.253.196
37.59.21.100 - - [17/Jun/2026:09:49:16 -0600] "GET /feed HTTP/1.1" 301 - "-" "Mozilla/5.0 (X11; Linux i686) AppleWebKit/537.36 (KHTML, like Gecko) Chrome/30.0.1599.66 Safari/537.36" www.samchaltain.com 10.38.253.196
37.59.21.100 - - [17/Jun/2026:09:49:16 -0600] "GET /feed HTTP/1.1" 200 6070 "-" "Mozilla/5.0 (X11; Linux i686) AppleWebKit/537.36 (KHTML, like Gecko) Chrome/30.0.1599.66 Safari/537.36" samchaltain.com 10.38.253.196
184.144.168.121 - - [17/Jun/2026:09:51:35 -0600] "GET /feed/rss HTTP/1.1" 304 - "-" "Mozilla/5.0 (Macintosh; Intel Mac OS X 10.15; rv:140.0) Gecko/20100101 Thunderbird/140.11.1" www.samchaltain.com 10.38.253.196
103.131.71.180 - - [17/Jun/2026:09:52:29 -0600] "GET /robots.txt HTTP/1.1" 200 126 "-" "Mozilla/5.0 (compatible; coccocbot-web/1.0; +http://help.coccoc.com/searchengine)" samchaltain.com 10.38.253.196
54.80.209.64 - - [17/Jun/2026:09:53:26 -0600] "GET /feed HTTP/1.1" 301 - "-" "Mozilla/5.0 (X11; Linux x86_64) AppleWebKit/537.36 (KHTML, like Gecko) Chrome/105.0.0.0 Safari/537.36" www.samchaltain.com 10.38.253.196
54.80.209.64 - - [17/Jun/2026:09:53:26 -0600] "GET /feed HTTP/1.1" 200 6070 "-" "Mozilla/5.0 (X11; Linux x86_64) AppleWebKit/537.36 (KHTML, like Gecko) Chrome/105.0.0.0 Safari/537.36" samchaltain.com 10.38.253.196
8.29.198.25 - - [17/Jun/2026:09:53:46 -0600] "GET /feed HTTP/1.1" 304 - "-" "Feedly/1.0 (+http://www.feedly.com/fetcher.html; 74 subscribers; )" samchaltain.com 10.38.253.196
114.119.156.190 - - [17/Jun/2026:09:55:23 -0600] "GET /natures-design-principles-information HTTP/1.1" 406 226 "https://serendeputy.com/human-race" "Mozilla/5.0 (Linux; Android 7.0;) AppleWebKit/537.36 (HTML, like Gecko) Mobile Safari/537.36 (compatible; PetalBot;+https://webmaster.petalsearch.com/site/petalbot)" samchaltain.com 10.38.253.196
43.159.152.184 - - [17/Jun/2026:09:57:01 -0600] "GET / HTTP/1.1" 301 - "-" "Mozilla/5.0 (iPhone; CPU iPhone OS 13_2_3 like Mac OS X) AppleWebKit/605.1.15 (KHTML, like Gecko) Version/13.0.3 Mobile/15E148 Safari/604.1" www.samchaltain.com 10.38.253.196
172.104.214.28 - - [17/Jun/2026:09:58:45 -0600] "GET /feed HTTP/1.1" 304 - "-" "Mozilla/5.0 (compatible; BazQux/2.4; +https://bazqux.com/fetcher; 1 subscribers)" www.samchaltain.com 10.38.253.196
8.29.198.25 - - [17/Jun/2026:10:00:56 -0600] "GET /feed HTTP/1.1" 304 - "-" "Feedly/1.0 (+http://www.feedly.com/fetcher.html; 74 subscribers; )" samchaltain.com 10.38.253.196
184.144.168.121 - - [17/Jun/2026:10:02:32 -0600] "GET /feed/rss HTTP/1.1" 304 - "-" "Mozilla/5.0 (Macintosh; Intel Mac OS X 10.15; rv:140.0) Gecko/20100101 Thunderbird/140.11.1" www.samchaltain.com 10.38.253.196
142.165.126.26 - - [17/Jun/2026:10:04:26 -0600] "GET /apple-touch-icon-precomposed.png HTTP/1.1" 301 - "-" "com.apple.WebKit.Networking/21624.2.5.11.4 Network/5812.121.1 macOS/26.5.1" www.samchaltain.com 10.38.253.196
142.165.126.26 - - [17/Jun/2026:10:04:26 -0600] "GET /favicon.ico HTTP/1.1" 302 - "-" "com.apple.WebKit.Networking/21624.2.5.11.4 Network/5812.121.1 macOS/26.5.1" www.samchaltain.com 10.38.253.196
142.165.126.26 - - [17/Jun/2026:10:04:26 -0600] "GET /apple-touch-icon.png HTTP/1.1" 301 - "-" "com.apple.WebKit.Networking/21624.2.5.11.4 Network/5812.121.1 macOS/26.5.1" www.samchaltain.com 10.38.253.196
142.165.126.26 - - [17/Jun/2026:10:04:26 -0600] "GET /new-pbs-documentary-about-edreform-makes-one-wonder-in-rural-america-what-good-is-schoolchoice HTTP/1.1" 301 - "-" "Mozilla/5.0 (Macintosh; Intel Mac OS X 10_11_1) AppleWebKit/601.2.4 (KHTML, like Gecko) Version/9.0.1 Safari/601.2.4 facebookexternalhit/1.1 Facebot Twitterbot/1.0" www.samchaltain.com 10.38.253.196
142.165.126.26 - - [17/Jun/2026:10:04:26 -0600] "GET /apple-touch-icon-precomposed.png HTTP/1.1" 404 65016 "-" "com.apple.WebKit.Networking/21624.2.5.11.4 Network/5812.121.1 macOS/26.5.1" samchaltain.com 10.38.253.196
142.165.126.26 - - [17/Jun/2026:10:04:26 -0600] "GET /apple-touch-icon.png HTTP/1.1" 404 65016 "-" "com.apple.WebKit.Networking/21624.2.5.11.4 Network/5812.121.1 macOS/26.5.1" samchaltain.com 10.38.253.196
142.165.126.26 - - [17/Jun/2026:10:04:26 -0600] "GET /new-pbs-documentary-about-edreform-makes-one-wonder-in-rural-america-what-good-is-schoolchoice HTTP/1.1" 404 65016 "-" "Mozilla/5.0 (Macintosh; Intel Mac OS X 10_11_1) AppleWebKit/601.2.4 (KHTML, like Gecko) Version/9.0.1 Safari/601.2.4 facebookexternalhit/1.1 Facebot Twitterbot/1.0" samchaltain.com 10.38.253.196
8.29.198.27 - - [17/Jun/2026:10:08:17 -0600] "GET /feed HTTP/1.1" 304 - "-" "Feedly/1.0 (+http://www.feedly.com/fetcher.html; 74 subscribers; )" samchaltain.com 10.38.253.196
199.119.124.51 - - [17/Jun/2026:10:09:33 -0600] "GET /feed HTTP/1.1" 304 - "-" "Mozilla/5.0 (compatible; theoldreader.com; support@theoldreader.com; 1 subscribers; feed-id=514f510754cf82ab04010767)" www.samchaltain.com 10.38.253.196
52.7.251.54 - - [17/Jun/2026:10:10:28 -0600] "GET /feed HTTP/1.1" 304 - "-" "Mozilla/5.0 (compatible; FlipboardRSS/1.2; +http://flipboard.com/browserproxy)" samchaltain.com 10.38.253.196
64.71.157.117 - - [17/Jun/2026:10:11:22 -0600] "GET /feed HTTP/1.1" 304 - "-" "Feedbin feed-id:466730 - 4 subscribers" samchaltain.com 10.38.253.196
54.39.177.92 - - [17/Jun/2026:10:12:14 -0600] "GET /robots.txt HTTP/1.1" 200 126 "-" "Mozilla/5.0 (compatible; YaK/1.0; http://linkfluence.com/; bot@linkfluence.com)" samchaltain.com 10.38.253.196
184.144.168.121 - - [17/Jun/2026:10:12:40 -0600] "GET /feed/rss HTTP/1.1" 304 - "-" "Mozilla/5.0 (Macintosh; Intel Mac OS X 10.15; rv:140.0) Gecko/20100101 Thunderbird/140.11.1" www.samchaltain.com 10.38.253.196
54.39.177.92 - - [17/Jun/2026:10:13:17 -0600] "GET /comments/feed HTTP/1.1" 200 423 "-" "Mozilla/5.0 (compatible; YaK/1.0; http://linkfluence.com/; bot@linkfluence.com)" samchaltain.com 10.38.253.196
37.59.21.100 - - [17/Jun/2026:10:15:12 -0600] "GET /tag/montgomery-county/feed HTTP/1.1" 301 - "-" "Mozilla/5.0 (X11; Linux i686) AppleWebKit/537.36 (KHTML, like Gecko) Chrome/30.0.1599.66 Safari/537.36" www.samchaltain.com 10.38.253.196
37.59.21.100 - - [17/Jun/2026:10:15:12 -0600] "GET /tag/montgomery-county/feed HTTP/1.1" 200 573 "-" "Mozilla/5.0 (X11; Linux i686) AppleWebKit/537.36 (KHTML, like Gecko) Chrome/30.0.1599.66 Safari/537.36" samchaltain.com 10.38.253.196
8.29.198.26 - - [17/Jun/2026:10:15:37 -0600] "GET /feed HTTP/1.1" 304 - "-" "Feedly/1.0 (+http://www.feedly.com/fetcher.html; 74 subscribers; )" samchaltain.com 10.38.253.196
66.249.73.73 - - [17/Jun/2026:10:16:13 -0600] "GET /product/category/view_more/5698706021790 HTTP/1.1" 404 65071 "-" "Mozilla/5.0 (compatible; Googlebot/2.1; +http://www.google.com/bot.html)" samchaltain.com 10.38.253.196
8.29.198.27 - - [17/Jun/2026:10:18:53 -0600] "GET /feed HTTP/1.1" 304 - "-" "Feedly/1.0 (+http://www.feedly.com/fetcher.html; 12 subscribers; )" samchaltain.com 10.38.253.196
43.173.178.154 - - [17/Jun/2026:10:21:13 -0600] "GET / HTTP/1.1" 301 - "-" "Mozilla/5.0 (Windows NT 10.0; Win64; x64) AppleWebKit/537.36 (KHTML, like Gecko) Chrome/112.0.0.0 Safari/537.36" www.samchaltain.com 10.38.253.196
43.173.173.223 - - [17/Jun/2026:10:21:27 -0600] "GET / HTTP/1.1" 301 - "-" "Mozilla/5.0 (Windows NT 10.0; Win64; x64) AppleWebKit/537.36 (KHTML, like Gecko) Chrome/117.0.0.0 Safari/537.36" www.samchaltain.com 10.38.253.196
8.29.198.25 - - [17/Jun/2026:10:22:56 -0600] "GET /feed HTTP/1.1" 304 - "-" "Feedly/1.0 (+http://www.feedly.com/fetcher.html; 74 subscribers; )" samchaltain.com 10.38.253.196
184.144.168.121 - - [17/Jun/2026:10:24:12 -0600] "GET /feed/rss HTTP/1.1" 304 - "-" "Mozilla/5.0 (Macintosh; Intel Mac OS X 10.15; rv:140.0) Gecko/20100101 Thunderbird/140.11.1" www.samchaltain.com 10.38.253.196
64.71.157.111 - - [17/Jun/2026:10:26:15 -0600] "GET /feed HTTP/1.1" 304 - "-" "Feedbin feed-id:466730 - 4 subscribers" samchaltain.com 10.38.253.196
136.243.220.213 - - [17/Jun/2026:10:29:14 -0600] "GET /robots.txt HTTP/1.1" 301 - "-" "Mozilla/5.0 (compatible; DataForSeoBot/1.0; +https://dataforseo.com/dataforseo-bot)" www.samchaltain.com 10.38.253.196
136.243.228.181 - - [17/Jun/2026:10:29:15 -0600] "GET /robots.txt HTTP/1.1" 200 126 "-" "Mozilla/5.0 (compatible; DataForSeoBot/1.0; +https://dataforseo.com/dataforseo-bot)" samchaltain.com 10.38.253.196
8.29.198.26 - - [17/Jun/2026:10:29:57 -0600] "GET /feed HTTP/1.1" 304 - "-" "Feedly/1.0 (+http://www.feedly.com/fetcher.html; 74 subscribers; )" samchaltain.com 10.38.253.196
136.243.228.181 - - [17/Jun/2026:10:30:13 -0600] "GET /robots.txt HTTP/1.1" 200 126 "-" "Mozilla/5.0 (compatible; DataForSeoBot/1.0; +https://dataforseo.com/dataforseo-bot)" samchaltain.com 10.38.253.196
66.249.84.106 - - [17/Jun/2026:10:32:47 -0600] "GET /favicon.ico HTTP/1.1" 302 - "-" "Mozilla/5.0 (Windows NT 5.1; rv:11.0) Gecko Firefox/11.0 (via ggpht.com GoogleImageProxy)" www.samchaltain.com 10.38.253.196
199.119.124.45 - - [17/Jun/2026:10:33:49 -0600] "GET /feed HTTP/1.1" 304 - "-" "Mozilla/5.0 (compatible; theoldreader.com; support@theoldreader.com; 1 subscribers; feed-id=514f510754cf82ab04010767)" www.samchaltain.com 10.38.253.196
184.144.168.121 - - [17/Jun/2026:10:34:17 -0600] "GET /feed/rss HTTP/1.1" 304 - "-" "Mozilla/5.0 (Macintosh; Intel Mac OS X 10.15; rv:140.0) Gecko/20100101 Thunderbird/140.11.1" www.samchaltain.com 10.38.253.196
64.71.157.111 - - [17/Jun/2026:10:35:57 -0600] "GET /feed HTTP/1.1" 304 - "-" "Feedbin feed-id:466730 - 4 subscribers" samchaltain.com 10.38.253.196
8.29.198.26 - - [17/Jun/2026:10:37:03 -0600] "GET /feed HTTP/1.1" 304 - "-" "Feedly/1.0 (+http://www.feedly.com/fetcher.html; 74 subscribers; )" samchaltain.com 10.38.253.196
161.35.13.162 - - [17/Jun/2026:10:41:36 -0600] "GET /feed HTTP/1.1" 301 - "-" "Mozilla/5.0 (X11; Linux x86_64; rv:132.0) Gecko/20100101 Firefox/132.0" www.samchaltain.com 10.38.253.196
161.35.13.162 - - [17/Jun/2026:10:41:36 -0600] "GET /feed HTTP/1.1" 200 6070 "-" "Mozilla/5.0 (X11; Linux x86_64; rv:132.0) Gecko/20100101 Firefox/132.0" samchaltain.com 10.38.253.196
8.29.198.25 - - [17/Jun/2026:10:44:17 -0600] "GET /feed HTTP/1.1" 304 - "-" "Feedly/1.0 (+http://www.feedly.com/fetcher.html; 74 subscribers; )" samchaltain.com 10.38.253.196
114.119.151.172 - - [17/Jun/2026:10:44:49 -0600] "GET / HTTP/1.1" 406 226 "http://www.samchaltain.com/" "Mozilla/5.0 (Linux; Android 7.0;) AppleWebKit/537.36 (HTML, like Gecko) Mobile Safari/537.36 (compatible; PetalBot;+https://webmaster.petalsearch.com/site/petalbot)" www.samchaltain.com 10.38.253.196
184.144.168.121 - - [17/Jun/2026:10:44:49 -0600] "GET /feed/rss HTTP/1.1" 304 - "-" "Mozilla/5.0 (Macintosh; Intel Mac OS X 10.15; rv:140.0) Gecko/20100101 Thunderbird/140.11.1" www.samchaltain.com 10.38.253.196
173.254.29.30 - - [17/Jun/2026:10:47:29 -0600] "POST /wp-cron.php?doing_wp_cron=1781714849.7646698951721191406250 HTTP/1.1" 200 - "-" "WordPress/7.0; https://samchaltain.com" samchaltain.com 10.38.253.196
66.249.73.64 - - [17/Jun/2026:10:47:29 -0600] "GET /?o=5574508061790 HTTP/1.1" 301 - "-" "Mozilla/5.0 (compatible; Googlebot/2.1; +http://www.google.com/bot.html)" samchaltain.com 10.38.253.196
8.29.198.27 - - [17/Jun/2026:10:49:04 -0600] "GET /feed HTTP/1.1" 304 - "-" "Feedly/1.0 (+http://www.feedly.com/fetcher.html; 12 subscribers; )" samchaltain.com 10.38.253.196
173.254.29.30 - - [17/Jun/2026:10:52:55 -0600] "POST /wp-cron.php?doing_wp_cron=1781715175.5035169124603271484375 HTTP/1.1" 200 - "-" "WordPress/7.0; https://samchaltain.com" samchaltain.com 10.38.253.196
54.39.177.92 - - [17/Jun/2026:10:52:55 -0600] "GET /feed HTTP/1.1" 200 6070 "-" "Mozilla/5.0 (compatible; YaK/1.0; http://linkfluence.com/; bot@linkfluence.com)" samchaltain.com 10.38.253.196
184.144.168.121 - - [17/Jun/2026:10:55:13 -0600] "GET /feed/rss HTTP/1.1" 304 - "-" "Mozilla/5.0 (Macintosh; Intel Mac OS X 10.15; rv:140.0) Gecko/20100101 Thunderbird/140.11.1" www.samchaltain.com 10.38.253.196
173.254.29.30 - - [17/Jun/2026:10:58:08 -0600] "POST /wp-cron.php?doing_wp_cron=1781715488.9537808895111083984375 HTTP/1.1" 200 - "-" "WordPress/7.0; https://samchaltain.com" samchaltain.com 10.38.253.196
199.119.124.40 - - [17/Jun/2026:10:58:08 -0600] "GET /feed HTTP/1.1" 304 - "-" "Mozilla/5.0 (compatible; theoldreader.com; support@theoldreader.com; 1 subscribers; feed-id=514f510754cf82ab04010767)" www.samchaltain.com 10.38.253.196
64.71.157.118 - - [17/Jun/2026:10:58:09 -0600] "GET /feed HTTP/1.1" 304 - "-" "Feedbin feed-id:466730 - 4 subscribers" samchaltain.com 10.38.253.196
8.29.198.27 - - [17/Jun/2026:10:58:26 -0600] "GET /feed HTTP/1.1" 304 - "-" "Feedly/1.0 (+http://www.feedly.com/fetcher.html; 74 subscribers; )" samchaltain.com 10.38.253.196
54.209.100.30 - - [17/Jun/2026:11:01:43 -0600] "GET /the-singularity-is-coming-what-should-schools-be-doing-about-it HTTP/1.1" 406 226 "-" "Mozilla/5.0 AppleWebKit/537.36 (KHTML, like Gecko; compatible; Amazonbot/0.1; +https://developer.amazon.com/support/amazonbot) Chrome/119.0.6045.214 Safari/537.36" www.samchaltain.com 10.38.253.196
66.249.73.64 - - [17/Jun/2026:11:02:57 -0600] "GET /shop/sold?id=top5625058012790 HTTP/1.1" 404 49587 "-" "Mozilla/5.0 (Linux; Android 6.0.1; Nexus 5X Build/MMB29P) AppleWebKit/537.36 (KHTML, like Gecko) Chrome/148.0.7778.96 Mobile Safari/537.36 (compatible; Googlebot/2.1; +http://www.google.com/bot.html)" samchaltain.com 10.38.253.196
8.29.198.25 - - [17/Jun/2026:11:05:34 -0600] "GET /feed HTTP/1.1" 200 6122 "-" "Feedly/1.0 (+http://www.feedly.com/fetcher.html; 74 subscribers; )" samchaltain.com 10.38.253.196
184.144.168.121 - - [17/Jun/2026:11:06:26 -0600] "GET /feed/rss HTTP/1.1" 301 - "-" "Mozilla/5.0 (Macintosh; Intel Mac OS X 10.15; rv:140.0) Gecko/20100101 Thunderbird/140.11.1" www.samchaltain.com 10.38.253.196
184.144.168.121 - - [17/Jun/2026:11:06:28 -0600] "GET /feed HTTP/1.1" 200 6122 "-" "Mozilla/5.0 (Macintosh; Intel Mac OS X 10.15; rv:140.0) Gecko/20100101 Thunderbird/140.11.1" samchaltain.com 10.38.253.196
37.59.21.100 - - [17/Jun/2026:11:07:29 -0600] "GET /tag/james-comer/feed HTTP/1.1" 301 - "-" "Mozilla/5.0 (X11; Linux i686) AppleWebKit/537.36 (KHTML, like Gecko) Chrome/30.0.1599.66 Safari/537.36" www.samchaltain.com 10.38.253.196
37.59.21.100 - - [17/Jun/2026:11:07:29 -0600] "GET /tag/james-comer/feed HTTP/1.1" 200 564 "-" "Mozilla/5.0 (X11; Linux i686) AppleWebKit/537.36 (KHTML, like Gecko) Chrome/30.0.1599.66 Safari/537.36" samchaltain.com 10.38.253.196
34.235.239.240 - - [17/Jun/2026:11:08:03 -0600] "GET /is-it-time-to-stop-making-the-grade HTTP/1.1" 406 226 "-" "Mozilla/5.0 AppleWebKit/537.36 (KHTML, like Gecko; compatible; Amazonbot/0.1; +https://developer.amazon.com/support/amazonbot) Chrome/119.0.6045.214 Safari/537.36" www.samchaltain.com 10.38.253.196
8.29.198.26 - - [17/Jun/2026:11:12:44 -0600] "GET /feed HTTP/1.1" 304 - "-" "Feedly/1.0 (+http://www.feedly.com/fetcher.html; 74 subscribers; )" samchaltain.com 10.38.253.196
66.175.223.152 - - [17/Jun/2026:11:13:05 -0600] "GET /feed HTTP/1.1" 301 - "-" "Mozilla/5.0 (compatible; BazQux/2.4; +https://bazqux.com/fetcher; 1 subscribers)" www.samchaltain.com 10.38.253.196
66.175.223.152 - - [17/Jun/2026:11:13:05 -0600] "GET /feed HTTP/1.1" 200 6122 "-" "Mozilla/5.0 (compatible; BazQux/2.4; +https://bazqux.com/fetcher; 1 subscribers)" samchaltain.com 10.38.253.196
65.52.75.227 - - [17/Jun/2026:11:13:06 -0600] "GET /wp-content/plugins/hellopress/wp_filemanager.php HTTP/1.1" 409 83 "-" "-" samchaltain.com 10.38.253.196
65.52.75.227 - - [17/Jun/2026:11:13:10 -0600] "GET /this_is_a_new_hello_world.php HTTP/1.1" 409 83 "-" "-" samchaltain.com 10.38.253.196
65.52.75.227 - - [17/Jun/2026:11:13:14 -0600] "GET /bhm.php HTTP/1.1" 409 83 "-" "-" samchaltain.com 10.38.253.196
65.52.75.227 - - [17/Jun/2026:11:13:17 -0600] "GET /sf.php HTTP/1.1" 409 83 "-" "-" samchaltain.com 10.38.253.196
65.52.75.227 - - [17/Jun/2026:11:13:32 -0600] "GET /wp-block.php HTTP/1.1" 409 83 "-" "-" samchaltain.com 10.38.253.196
65.52.75.227 - - [17/Jun/2026:11:13:32 -0600] "GET /wp-ver.php HTTP/1.1" 409 83 "-" "-" samchaltain.com 10.38.253.196
65.52.75.227 - - [17/Jun/2026:11:13:34 -0600] "GET /f222.php HTTP/1.1" 409 83 "-" "-" samchaltain.com 10.38.253.196
65.52.75.227 - - [17/Jun/2026:11:13:40 -0600] "GET /cilng.php HTTP/1.1" 409 83 "-" "-" samchaltain.com 10.38.253.196
65.52.75.227 - - [17/Jun/2026:11:14:26 -0600] "GET /haz.php HTTP/1.1" 409 83 "-" "-" samchaltain.com 10.38.253.196
65.52.75.227 - - [17/Jun/2026:11:14:29 -0600] "GET /h2.php HTTP/1.1" 409 83 "-" "-" samchaltain.com 10.38.253.196
65.52.75.227 - - [17/Jun/2026:11:14:34 -0600] "GET /wp-ccv.php HTTP/1.1" 409 83 "-" "-" samchaltain.com 10.38.253.196
65.52.75.227 - - [17/Jun/2026:11:14:39 -0600] "GET /class-bda.php HTTP/1.1" 409 83 "-" "-" samchaltain.com 10.38.253.196
65.52.75.227 - - [17/Jun/2026:11:14:43 -0600] "GET /wp-Blogs.php HTTP/1.1" 409 83 "-" "-" samchaltain.com 10.38.253.196
65.52.75.227 - - [17/Jun/2026:11:14:49 -0600] "GET /less.php HTTP/1.1" 409 83 "-" "-" samchaltain.com 10.38.253.196
65.52.75.227 - - [17/Jun/2026:11:15:47 -0600] "GET /classwithtostring.php HTTP/1.1" 409 83 "-" "-" samchaltain.com 10.38.253.196
65.52.75.227 - - [17/Jun/2026:11:15:53 -0600] "GET /rip.php HTTP/1.1" 409 83 "-" "-" samchaltain.com 10.38.253.196
65.52.75.227 - - [17/Jun/2026:11:15:56 -0600] "GET /wp-tivate.php HTTP/1.1" 409 83 "-" "-" samchaltain.com 10.38.253.196
